{"id":4772,"date":"2026-03-21T10:05:56","date_gmt":"2026-03-21T10:05:56","guid":{"rendered":"https:\/\/imperodistribution.co.uk\/winery-central\/?post_type=product&#038;p=4772"},"modified":"2026-03-21T10:14:18","modified_gmt":"2026-03-21T10:14:18","slug":"granbazan-etiqueta-ambar-albarino","status":"publish","type":"product","link":"https:\/\/imperodistribution.co.uk\/winery-central\/product\/granbazan-etiqueta-ambar-albarino\/","title":{"rendered":"Granbaz\u00e1n Etiqueta \u00c1mbar Albari\u00f1o"},"content":{"rendered":"<h5 data-section-id=\"ub306z\" data-start=\"538\" data-end=\"565\">Product Description<\/h5>\n<p data-start=\"793\" data-end=\"1071\">Granbaz\u00e1n Etiqueta \u00c1mbar Albari\u00f1o is a premium Spanish white wine from the DO R\u00edas Baixas region in Galicia. Made from Albari\u00f1o grapes, it offers a fresh and aromatic profile with notes of citrus, peach, and tropical fruit, balanced by vibrant acidity and a crisp, clean finish.<\/p>\n<p data-start=\"1073\" data-end=\"1312\">Granbaz\u00e1n Etiqueta \u00c1mbar Albari\u00f1o reflects the coastal influence of R\u00edas Baixas, known for producing some of Spain\u2019s finest white wines. Its freshness and structure make it an excellent choice for restaurants, bars, and wine professionals.<\/p>\n<p data-start=\"1314\" data-end=\"1485\">Available in the UK through Impero Distribution, this wine is ideal for businesses looking to offer high-quality Spanish white wines with strong character and consistency.<\/p>\n","protected":false},"excerpt":{"rendered":"<div id=\"features-header\" class=\"accordion-header block__accordion-header extrabold\">\r\n<div class=\"accordion-button block__accordion-button body1--mobile-sm heading4--desktop\" data-bs-toggle=\"collapse\" data-bs-target=\"#features-body\" aria-expanded=\"true\" aria-controls=\"features-body\">\r\n<h5 data-section-id=\"ub306z\" data-start=\"538\" data-end=\"565\">Short Description<\/h5>\r\n<p data-start=\"1520\" data-end=\"1648\">Granbaz\u00e1n Etiqueta \u00c1mbar Albari\u00f1o is a fresh and aromatic Spanish white wine with citrus and tropical notes, and a crisp finish.<\/p>\r\n\r\n<\/div>\r\n<\/div>","protected":false},"featured_media":4773,"comment_status":"open","ping_status":"closed","template":"","meta":[],"product_brand":[293],"product_cat":[55],"product_tag":[295,299,300,298,294,94,217,296,297,243,218,215,216,201],"class_list":{"0":"post-4772","1":"product","2":"type-product","3":"status-publish","4":"has-post-thumbnail","6":"product_brand-granbazan","7":"product_cat-white-wines","8":"product_tag-albarino","9":"product_tag-albarino-spain","10":"product_tag-do-rias-baixas","11":"product_tag-galicia-wine","12":"product_tag-granbazan","13":"product_tag-impero-distribution","14":"product_tag-restaurant-wine-supplier","15":"product_tag-rias-baixas","16":"product_tag-spanish-white-wine","17":"product_tag-white-wine-uk","18":"product_tag-wholesale-wine-uk","19":"product_tag-wine-distribution-uk","20":"product_tag-wine-importer-uk","21":"product_tag-wine-supplier-uk","23":"first","24":"instock","25":"shipping-taxable","26":"product-type-simple"},"yoast_head":"<!-- This site is optimized with the Yoast SEO plugin v27.4 - https:\/\/yoast.com\/product\/yoast-seo-wordpress\/ -->\n<title>Granbaz\u00e1n Etiqueta \u00c1mbar Albari\u00f1o - Impero Distribution<\/title>\n<meta name=\"description\" content=\"Granbaz\u00e1n Etiqueta \u00c1mbar Albari\u00f1o is a premium Spanish white wine from DO R\u00edas Baixas, available in the UK through Impero Distribution.\" \/>\n<meta name=\"robots\" content=\"index, follow, max-snippet:-1, max-image-preview:large, max-video-preview:-1\" \/>\n<link rel=\"canonical\" href=\"https:\/\/imperodistribution.co.uk\/winery-central\/product\/granbazan-etiqueta-ambar-albarino\/\" \/>\n<meta property=\"og:locale\" content=\"en_US\" \/>\n<meta property=\"og:type\" content=\"article\" \/>\n<meta property=\"og:title\" content=\"Granbaz\u00e1n Etiqueta \u00c1mbar Albari\u00f1o - Impero Distribution\" \/>\n<meta property=\"og:description\" content=\"Granbaz\u00e1n Etiqueta \u00c1mbar Albari\u00f1o is a premium Spanish white wine from DO R\u00edas Baixas, available in the UK through Impero Distribution.\" \/>\n<meta property=\"og:url\" content=\"https:\/\/imperodistribution.co.uk\/winery-central\/product\/granbazan-etiqueta-ambar-albarino\/\" \/>\n<meta property=\"og:site_name\" content=\"Impero Distribution\" \/>\n<meta property=\"article:modified_time\" content=\"2026-03-21T10:14:18+00:00\" \/>\n<meta property=\"og:image\" content=\"https:\/\/imperodistribution.co.uk\/winery-central\/wp-content\/uploads\/2026\/03\/Granbazan-Etiqueta-Ambar-Albarino.jpg\" \/>\n\t<meta property=\"og:image:width\" content=\"1080\" \/>\n\t<meta property=\"og:image:height\" content=\"1080\" \/>\n\t<meta property=\"og:image:type\" content=\"image\/jpeg\" \/>\n<meta name=\"twitter:card\" content=\"summary_large_image\" \/>\n<meta name=\"twitter:label1\" content=\"Est. reading time\" \/>\n\t<meta name=\"twitter:data1\" content=\"1 minute\" \/>\n<script type=\"application\/ld+json\" class=\"yoast-schema-graph\">{\"@context\":\"https:\\\/\\\/schema.org\",\"@graph\":[{\"@type\":\"WebPage\",\"@id\":\"https:\\\/\\\/imperodistribution.co.uk\\\/winery-central\\\/product\\\/granbazan-etiqueta-ambar-albarino\\\/\",\"url\":\"https:\\\/\\\/imperodistribution.co.uk\\\/winery-central\\\/product\\\/granbazan-etiqueta-ambar-albarino\\\/\",\"name\":\"Granbaz\u00e1n Etiqueta \u00c1mbar Albari\u00f1o - Impero Distribution\",\"isPartOf\":{\"@id\":\"https:\\\/\\\/imperodistribution.co.uk\\\/winery-central\\\/#website\"},\"primaryImageOfPage\":{\"@id\":\"https:\\\/\\\/imperodistribution.co.uk\\\/winery-central\\\/product\\\/granbazan-etiqueta-ambar-albarino\\\/#primaryimage\"},\"image\":{\"@id\":\"https:\\\/\\\/imperodistribution.co.uk\\\/winery-central\\\/product\\\/granbazan-etiqueta-ambar-albarino\\\/#primaryimage\"},\"thumbnailUrl\":\"https:\\\/\\\/imperodistribution.co.uk\\\/winery-central\\\/wp-content\\\/uploads\\\/2026\\\/03\\\/Granbazan-Etiqueta-Ambar-Albarino.jpg\",\"datePublished\":\"2026-03-21T10:05:56+00:00\",\"dateModified\":\"2026-03-21T10:14:18+00:00\",\"description\":\"Granbaz\u00e1n Etiqueta \u00c1mbar Albari\u00f1o is a premium Spanish white wine from DO R\u00edas Baixas, available in the UK through Impero Distribution.\",\"breadcrumb\":{\"@id\":\"https:\\\/\\\/imperodistribution.co.uk\\\/winery-central\\\/product\\\/granbazan-etiqueta-ambar-albarino\\\/#breadcrumb\"},\"inLanguage\":\"en-US\",\"potentialAction\":[{\"@type\":\"ReadAction\",\"target\":[\"https:\\\/\\\/imperodistribution.co.uk\\\/winery-central\\\/product\\\/granbazan-etiqueta-ambar-albarino\\\/\"]}]},{\"@type\":\"ImageObject\",\"inLanguage\":\"en-US\",\"@id\":\"https:\\\/\\\/imperodistribution.co.uk\\\/winery-central\\\/product\\\/granbazan-etiqueta-ambar-albarino\\\/#primaryimage\",\"url\":\"https:\\\/\\\/imperodistribution.co.uk\\\/winery-central\\\/wp-content\\\/uploads\\\/2026\\\/03\\\/Granbazan-Etiqueta-Ambar-Albarino.jpg\",\"contentUrl\":\"https:\\\/\\\/imperodistribution.co.uk\\\/winery-central\\\/wp-content\\\/uploads\\\/2026\\\/03\\\/Granbazan-Etiqueta-Ambar-Albarino.jpg\",\"width\":1080,\"height\":1080,\"caption\":\"Granbaz\u00e1n Etiqueta \u00c1mbar Albari\u00f1o \u2013 premium Spanish white wine\"},{\"@type\":\"BreadcrumbList\",\"@id\":\"https:\\\/\\\/imperodistribution.co.uk\\\/winery-central\\\/product\\\/granbazan-etiqueta-ambar-albarino\\\/#breadcrumb\",\"itemListElement\":[{\"@type\":\"ListItem\",\"position\":1,\"name\":\"Home\",\"item\":\"https:\\\/\\\/imperodistribution.co.uk\\\/winery-central\\\/\"},{\"@type\":\"ListItem\",\"position\":2,\"name\":\"Wholesale Wines\",\"item\":\"https:\\\/\\\/imperodistribution.co.uk\\\/winery-central\\\/shop\\\/\"},{\"@type\":\"ListItem\",\"position\":3,\"name\":\"Granbaz\u00e1n Etiqueta \u00c1mbar Albari\u00f1o\"}]},{\"@type\":\"WebSite\",\"@id\":\"https:\\\/\\\/imperodistribution.co.uk\\\/winery-central\\\/#website\",\"url\":\"https:\\\/\\\/imperodistribution.co.uk\\\/winery-central\\\/\",\"name\":\"Impero Distribution\",\"description\":\"Winery Central\",\"publisher\":{\"@id\":\"https:\\\/\\\/imperodistribution.co.uk\\\/winery-central\\\/#\\\/schema\\\/person\\\/800f403c5b31fb34c0014aedc4dfef77\"},\"potentialAction\":[{\"@type\":\"SearchAction\",\"target\":{\"@type\":\"EntryPoint\",\"urlTemplate\":\"https:\\\/\\\/imperodistribution.co.uk\\\/winery-central\\\/?s={search_term_string}\"},\"query-input\":{\"@type\":\"PropertyValueSpecification\",\"valueRequired\":true,\"valueName\":\"search_term_string\"}}],\"inLanguage\":\"en-US\"},{\"@type\":[\"Person\",\"Organization\"],\"@id\":\"https:\\\/\\\/imperodistribution.co.uk\\\/winery-central\\\/#\\\/schema\\\/person\\\/800f403c5b31fb34c0014aedc4dfef77\",\"name\":\"admin\",\"image\":{\"@type\":\"ImageObject\",\"inLanguage\":\"en-US\",\"@id\":\"https:\\\/\\\/imperodistribution.co.uk\\\/winery-central\\\/wp-content\\\/uploads\\\/2025\\\/03\\\/cropped-IMPERO-LOGO-1.png\",\"url\":\"https:\\\/\\\/imperodistribution.co.uk\\\/winery-central\\\/wp-content\\\/uploads\\\/2025\\\/03\\\/cropped-IMPERO-LOGO-1.png\",\"contentUrl\":\"https:\\\/\\\/imperodistribution.co.uk\\\/winery-central\\\/wp-content\\\/uploads\\\/2025\\\/03\\\/cropped-IMPERO-LOGO-1.png\",\"width\":1067,\"height\":370,\"caption\":\"admin\"},\"logo\":{\"@id\":\"https:\\\/\\\/imperodistribution.co.uk\\\/winery-central\\\/wp-content\\\/uploads\\\/2025\\\/03\\\/cropped-IMPERO-LOGO-1.png\"},\"sameAs\":[\"https:\\\/\\\/imperodistribution.co.uk\\\/winery-central\"]}]}<\/script>\n<!-- \/ Yoast SEO plugin. -->","yoast_head_json":{"title":"Granbaz\u00e1n Etiqueta \u00c1mbar Albari\u00f1o - Impero Distribution","description":"Granbaz\u00e1n Etiqueta \u00c1mbar Albari\u00f1o is a premium Spanish white wine from DO R\u00edas Baixas, available in the UK through Impero Distribution.","robots":{"index":"index","follow":"follow","max-snippet":"max-snippet:-1","max-image-preview":"max-image-preview:large","max-video-preview":"max-video-preview:-1"},"canonical":"https:\/\/imperodistribution.co.uk\/winery-central\/product\/granbazan-etiqueta-ambar-albarino\/","og_locale":"en_US","og_type":"article","og_title":"Granbaz\u00e1n Etiqueta \u00c1mbar Albari\u00f1o - Impero Distribution","og_description":"Granbaz\u00e1n Etiqueta \u00c1mbar Albari\u00f1o is a premium Spanish white wine from DO R\u00edas Baixas, available in the UK through Impero Distribution.","og_url":"https:\/\/imperodistribution.co.uk\/winery-central\/product\/granbazan-etiqueta-ambar-albarino\/","og_site_name":"Impero Distribution","article_modified_time":"2026-03-21T10:14:18+00:00","og_image":[{"width":1080,"height":1080,"url":"https:\/\/imperodistribution.co.uk\/winery-central\/wp-content\/uploads\/2026\/03\/Granbazan-Etiqueta-Ambar-Albarino.jpg","type":"image\/jpeg"}],"twitter_card":"summary_large_image","twitter_misc":{"Est. reading time":"1 minute"},"schema":{"@context":"https:\/\/schema.org","@graph":[{"@type":"WebPage","@id":"https:\/\/imperodistribution.co.uk\/winery-central\/product\/granbazan-etiqueta-ambar-albarino\/","url":"https:\/\/imperodistribution.co.uk\/winery-central\/product\/granbazan-etiqueta-ambar-albarino\/","name":"Granbaz\u00e1n Etiqueta \u00c1mbar Albari\u00f1o - Impero Distribution","isPartOf":{"@id":"https:\/\/imperodistribution.co.uk\/winery-central\/#website"},"primaryImageOfPage":{"@id":"https:\/\/imperodistribution.co.uk\/winery-central\/product\/granbazan-etiqueta-ambar-albarino\/#primaryimage"},"image":{"@id":"https:\/\/imperodistribution.co.uk\/winery-central\/product\/granbazan-etiqueta-ambar-albarino\/#primaryimage"},"thumbnailUrl":"https:\/\/imperodistribution.co.uk\/winery-central\/wp-content\/uploads\/2026\/03\/Granbazan-Etiqueta-Ambar-Albarino.jpg","datePublished":"2026-03-21T10:05:56+00:00","dateModified":"2026-03-21T10:14:18+00:00","description":"Granbaz\u00e1n Etiqueta \u00c1mbar Albari\u00f1o is a premium Spanish white wine from DO R\u00edas Baixas, available in the UK through Impero Distribution.","breadcrumb":{"@id":"https:\/\/imperodistribution.co.uk\/winery-central\/product\/granbazan-etiqueta-ambar-albarino\/#breadcrumb"},"inLanguage":"en-US","potentialAction":[{"@type":"ReadAction","target":["https:\/\/imperodistribution.co.uk\/winery-central\/product\/granbazan-etiqueta-ambar-albarino\/"]}]},{"@type":"ImageObject","inLanguage":"en-US","@id":"https:\/\/imperodistribution.co.uk\/winery-central\/product\/granbazan-etiqueta-ambar-albarino\/#primaryimage","url":"https:\/\/imperodistribution.co.uk\/winery-central\/wp-content\/uploads\/2026\/03\/Granbazan-Etiqueta-Ambar-Albarino.jpg","contentUrl":"https:\/\/imperodistribution.co.uk\/winery-central\/wp-content\/uploads\/2026\/03\/Granbazan-Etiqueta-Ambar-Albarino.jpg","width":1080,"height":1080,"caption":"Granbaz\u00e1n Etiqueta \u00c1mbar Albari\u00f1o \u2013 premium Spanish white wine"},{"@type":"BreadcrumbList","@id":"https:\/\/imperodistribution.co.uk\/winery-central\/product\/granbazan-etiqueta-ambar-albarino\/#breadcrumb","itemListElement":[{"@type":"ListItem","position":1,"name":"Home","item":"https:\/\/imperodistribution.co.uk\/winery-central\/"},{"@type":"ListItem","position":2,"name":"Wholesale Wines","item":"https:\/\/imperodistribution.co.uk\/winery-central\/shop\/"},{"@type":"ListItem","position":3,"name":"Granbaz\u00e1n Etiqueta \u00c1mbar Albari\u00f1o"}]},{"@type":"WebSite","@id":"https:\/\/imperodistribution.co.uk\/winery-central\/#website","url":"https:\/\/imperodistribution.co.uk\/winery-central\/","name":"Impero Distribution","description":"Winery Central","publisher":{"@id":"https:\/\/imperodistribution.co.uk\/winery-central\/#\/schema\/person\/800f403c5b31fb34c0014aedc4dfef77"},"potentialAction":[{"@type":"SearchAction","target":{"@type":"EntryPoint","urlTemplate":"https:\/\/imperodistribution.co.uk\/winery-central\/?s={search_term_string}"},"query-input":{"@type":"PropertyValueSpecification","valueRequired":true,"valueName":"search_term_string"}}],"inLanguage":"en-US"},{"@type":["Person","Organization"],"@id":"https:\/\/imperodistribution.co.uk\/winery-central\/#\/schema\/person\/800f403c5b31fb34c0014aedc4dfef77","name":"admin","image":{"@type":"ImageObject","inLanguage":"en-US","@id":"https:\/\/imperodistribution.co.uk\/winery-central\/wp-content\/uploads\/2025\/03\/cropped-IMPERO-LOGO-1.png","url":"https:\/\/imperodistribution.co.uk\/winery-central\/wp-content\/uploads\/2025\/03\/cropped-IMPERO-LOGO-1.png","contentUrl":"https:\/\/imperodistribution.co.uk\/winery-central\/wp-content\/uploads\/2025\/03\/cropped-IMPERO-LOGO-1.png","width":1067,"height":370,"caption":"admin"},"logo":{"@id":"https:\/\/imperodistribution.co.uk\/winery-central\/wp-content\/uploads\/2025\/03\/cropped-IMPERO-LOGO-1.png"},"sameAs":["https:\/\/imperodistribution.co.uk\/winery-central"]}]}},"_links":{"self":[{"href":"https:\/\/imperodistribution.co.uk\/winery-central\/wp-json\/wp\/v2\/product\/4772","targetHints":{"allow":["GET"]}}],"collection":[{"href":"https:\/\/imperodistribution.co.uk\/winery-central\/wp-json\/wp\/v2\/product"}],"about":[{"href":"https:\/\/imperodistribution.co.uk\/winery-central\/wp-json\/wp\/v2\/types\/product"}],"replies":[{"embeddable":true,"href":"https:\/\/imperodistribution.co.uk\/winery-central\/wp-json\/wp\/v2\/comments?post=4772"}],"wp:featuredmedia":[{"embeddable":true,"href":"https:\/\/imperodistribution.co.uk\/winery-central\/wp-json\/wp\/v2\/media\/4773"}],"wp:attachment":[{"href":"https:\/\/imperodistribution.co.uk\/winery-central\/wp-json\/wp\/v2\/media?parent=4772"}],"wp:term":[{"taxonomy":"product_brand","embeddable":true,"href":"https:\/\/imperodistribution.co.uk\/winery-central\/wp-json\/wp\/v2\/product_brand?post=4772"},{"taxonomy":"product_cat","embeddable":true,"href":"https:\/\/imperodistribution.co.uk\/winery-central\/wp-json\/wp\/v2\/product_cat?post=4772"},{"taxonomy":"product_tag","embeddable":true,"href":"https:\/\/imperodistribution.co.uk\/winery-central\/wp-json\/wp\/v2\/product_tag?post=4772"}],"curies":[{"name":"wp","href":"https:\/\/api.w.org\/{rel}","templated":true}]}}